te number?
False
Let t(v) = -21*v**3 - 16*v**2 - 4*v - 14. Is t(-7) a prime number?
False
Suppose q = 4*h + 126729, 0 = 5*q - 5*h - 312815 - 320845. Is q prime?
True
Suppose -2*i + 4*l = 0, 0 = -4*i + 2*l + 2*l - 4. Let d(j) be the first derivative of -45*j**4/4 - j**3/3 - j**2/2 + j + 237. Is d(i) a composite number?
False
Let o = 45124 + -24119. Suppose 3*q + 4*x - o = 0, -5*q + 5*x + 16112 = -18908. Is q a prime number?
False
Is (126/84)/(-3*(-1)/338914) a composite number?
False
Let g(x) = -41*x + 3 + 2 - 1 + 2. Let c be g(2). Let q = 11 - c. Is q composite?
True
Let k(o) = 26*o**2 - 6*o - 18. Suppose 5*l - 36 = 3*l - 4*y, -5*l + 45 = y. Suppose 3*x = 5*x + l. Is k(x) composite?
True
Is 6/27 + (14 - 1443005/(-45)) a prime number?
False
Let f = 6236 + -16364. Let g = f + 17455. Is g prime?
False
Let x = -659309 - -947446. Is x a composite number?
False
Is (-5107189)/(-8) + 6/(-4) + (-5010)/(-2672) a prime number?
False
Let n be 7/7*-1*-1*1. Let u(i) = 6*i - 2. Let f be u(n). Suppose 4*o + 2000 = 4*s, f*o = -4*s + o + 2007. Is s composite?
True
Let a(v) = 70*v**3 + 3*v**2 - v + 1. Let u = 107 + -88. Let j = 21 - u. Is a(j) a composite number?
False
Let w be (-903443)/(-4) - (253/(-44))/23. Suppose 34029 = -8*o + w. Is o a composite number?
True
Let r(y) be the second derivative of -y**4/12 - y**2/2 + 16*y. Let w(o) = 23*o**2 + 4*o + 6. Let a(q) = 6*r(q) + w(q). Is a(-3) composite?
True
Suppose -105*n = -75*n - 18631770. Is n prime?
True
Let i be ((-5)/(-20))/((-1)/(-12)). Is (8/(-10))/(i/(-15)) - -313 composite?
False
Suppose 8*x + 38 = 2*l + 6*x, 5*l - 65 = -5*x. Suppose -l*g - 18*g + 367166 = 0. Is g prime?
True
Suppose -445303 = -4*p + 287685. Is p a prime number?
True
Suppose 3*j = 9, -28 = -5*m - 4*j + 3*j. Let i(x) = x**2 - 5*x. Let g be i(m). Is 213/(-6)*(-6 - g) composite?
True
Let s = -21 + 23. Suppose 3*j - 7*j - 992 = -s*b, -2*j - 5*b = 484. Let c = 1012 - j. Is c composite?
False
Let g be (-25)/(-20)*(5 - 1). Suppose 2*o + u + u + 88 = 0, g*o + 260 = 5*u. Is (-6)/(-4)*(-2912)/o a composite number?
True
Let r be (-168)/(-90) - 10/(-75). Let x = 832 + 2968. Suppose 0 = -3*d - 5*a + 2845, -r*d + 5*a - x = -6*d. Is d prime?
False
Let g be (9/18)/(((-10)/(-28))/5). Let f(k) = 3*k**3 - 5*k**2 - 7*k + 28. Let y(p) = p**3 - p**2 + p + 2. Let b(o) = -f(o) + 4*y(o). Is b(g) prime?
True
Is (2/5 + (-667406)/40)/((-17)/68) composite?
False
Let k = 34556 + -9361. Is k composite?
True
Let p be 1 + ((-260)/(-8))/(-5)*2. Let s(n) = -2*n - 21. Let o be s(p). Suppose -2*h = -0*h - o*y - 655, 2*y + 995 = 3*h. Is h a prime number?
False
Is (10 - (79287 + 2))*-1 a composite number?
False
Suppose 5*d = 3*f + 42 - 1, -5*f + 35 = 2*d. Suppose -5*z + 14 = -3*q + 2*q, 4*q + 2*z - d = 0. Is (221 - (-2)/q)*1 prime?
True
Let w be (1758/4)/((-3)/234). Is (-8)/28 - w/7 a composite number?
True
Suppose -2*f + s = -137320, 5*f - 7*f + 3*s + 137328 = 0. Is 16/12*f/8 composite?
False
Suppose -5*q - 24*b + 935017 = -23*b, 4*q = 2*b + 748008. Is q composite?
False
Suppose -2*v + 14 = 4*c, v + 0*v + 5 = 4*c. Let i be (-2)/(-4) + 3/c. Suppose -i*j + 1471 = -307. Is j a composite number?
True
Let m(o) = 10*o + 12. Let t be m(35). Let n = 80 - 43. Suppose -n = -3*g + t. Is g composite?
True
Suppose -4*i - w = -i + 37751, -25174 = 2*i + 4*w. Let b = i - -20328. Is b a prime number?
False
Let g = 446 + -406. Suppose 25*k = g*k - 15645. Is k prime?
False
Is (-5841726)/(-15) + (-1351)/965 a composite number?
False
Let t(p) = 11035*p**2 + 29*p + 167. Is t(-5) a composite number?
False
Let x(s) = 352*s + 53. Let o(p) = 171*p + 23. Let q(v) = v + 1. Let i(k) = o(k) + 4*q(k). Let g(a) = -5*i(a) + 2*x(a). Is g(-4) a prime number?
False
Suppose -4*v - 2*l = -0*l + 3504, 3*l = 0. Let n be ((-22)/(-4))/(10/(-1100)). Let r = n - v. Is r a composite number?
False
Suppose 144*s - 148*s = -100. Suppose s*d = 20*d + 13005. Let b = d - 1832. Is b a composite number?
False
Is (46232/14)/(46/161) composite?
True
Suppose m - 758 - 2378 = 0. Suppose -5*o + 3941 = -2*z, 4*o + 4*z = -0*z + m. Is o composite?
False
Let w(z) = 74*z**2 + 403*z - 31. Is w(40) a composite number?
False
Let c(o) = 12375*o - 3437. Is c(16) composite?
True
Suppose 29861*i + 697028 = 29865*i. Is i a prime number?
True
Is (0 - -2)*154102 - (8 - (11 - -6)) prime?
True
Let z = 115389 - -572838. Is z a prime number?
False
Let c = -194 - -164. Is (2 + -3)*(c/(-6) - 7302) a prime number?
True
Let a = 76351 - -93048. Is a a composite number?
False
Suppose 2*w - 2*r - 1377936 = 0, -2*w = 3*r - 745289 - 632622. Is w composite?
True
Let u(z) = 21*z + 3. Let o(w) = 19*w + 2. Let h(y) = 7*o(y) - 6*u(y). Is h(9) prime?
True
Suppose 3*x = -t - 6, 2*x - 6*x = -2*t + 18. Suppose -t*a = -0*b + 5*b + 30, 3*a = -4*b - 30. Is 1418/2*(a - -11) composite?
False
Let b(c) = 605*c**2 + 164*c - 266. Is b(-20) a prime number?
False
Suppose 0 = 10*y + 5*r - 384820, 22292 = -3*y + 3*r + 137747. Is y prime?
False
Suppose 7*r + 10 = u + 2*r, 4*u + 2*r = -4. Suppose -4*k + 2*l - 10763 = k, 4*l + 4 = u. Let m = k - -4140. Is m composite?
False
Let u = -4780 - -19997. Is u a composite number?
False
Let h = -36 - -36. Suppose 9*f + 1252 - 14869 = h. Is f composite?
True
Is 12770 - (-4)/(28/63) composite?
True
Let b(z) = 217*z**2 - 24*z + 131. Let d be b(15). Suppose 84*a = 88*a - d. Is a prime?
True
Let i = 33 - 28. Suppose 2*h - 9388 = i*g, 5*h + 4*g - 23497 = 3*g. Is h a composite number?
True
Suppose 4908162 = -273*c + 315*c. Is c prime?
False
Suppose 5*d = -28 + 83. Let c(h) = 9*h**2 + 3 - 6*h**3 - 2*h + 7 - d. Is c(-4) a composite number?
True
Is 11197/(-3)*(-7425)/495 a prime number?
False
Let o(z) = z**2 + 14*z + 3205. Suppose 11*n + 2 = 2. Is o(n) prime?
False
Suppose 122673 = 11*m - 158564. Is m composite?
True
Suppose -2*r + 106*a + 740254 = 110*a, 0 = -4*r - 5*a + 1480511. Is r composite?
True
Suppose 0 = 7*p + 4 - 25. Let v(l) = -l**3 + 5. Let h be v(0). Suppose -b + p*k = -44, -2*b + b - h*k = -20. Is b a composite number?
True
Suppose 2*l - 11449 = -4*r + 96563, 0 = 5*l - r - 270074. Is l/22 - 10/55 composite?
True
Let h = 265214 + -182157. Is h a composite number?
True
Let s be 12/(-15) + 107163/35. Suppose -4*z - 3*k = -s, 4*z - 600 = -2*k + 2466. Is z prime?
True
Suppose -14*u + 85944 + 147730 = 0. Suppose 0 = 7*b - u - 4477. Suppose 0*j - b = -j - 5*q, 0 = 3*j - 5*q - 9172. Is j composite?
False
Suppose -4*y + 2 = -18. Suppose d = 5*b - y + 1, 2*d + 4*b = 34. Suppose -3*n = -d*n + 4296. Is n prime?
False
Is (12 - 1617/140 - 1/4)*4999765 prime?
True
Let b(j) = j**3 - 5*j**2 + 2. Let y be b(5). Suppose -y*m + 524 = 122. Suppose -6*t + 1521 + m = 0. Is t composite?
True
Let s be (78/(-18) + -4)/(2/(-24)). Suppose 95*t = s*t - 10. Suppose -i - x = -225, -t*i - 3*i + 1133 = -3*x. Is i a prime number?
False
Let g = -104188 - -173781. Is g prime?
True
Let z(b) = 88*b**3 + 2*b**2 + b. Let c be z(-1). Suppose 3*w - 527 = 1591. Let a = w + c. Is a a composite number?
False
Suppose -4*b + 1197488 = 4*l, -21*l - 4*b - 598738 = -23*l. Is l a prime number?
True
Is 1620/(-1215)*(-477654)/8 prime?
True
Suppose 3*o + 0*o = 4*k - 5281, 5*k + 2*o = 6630. Let r = 4029 - k. Is r prime?
False
Suppose -114*r + 31296 = -111*r. Suppose 5*x + 16*a - 19*a = 13042, -4*x + 4*a = -r. Is x prime?
True
Suppose 9*i = 10*i. Suppose 3427 = 2*q + 4*y + 625, i = -5*q - 5*y + 7000. Is q composite?
False
Let v = 326402 - 215373. Is v composite?
False
Let v be (-3*2)/((-1)/(12/6)). Let q be 34/v + (-2)/(-12). Let t(r) = 34*r**2 - r + 4. Is t(q) prime?
True
Is 43390*31 + (-144 - -133) a composite number?
False
Let w(b) = -17*b**3 + 3*b + 2. Let t(z) = z**3 + 6*z**2 + 10*z + 2. Let u be t(-3). Let m be w(u). Is (m + -11)*(-44)/(-10) a prime number?
False
Let x be (-64)/(-48) - 1472/(-3). Suppose -2*o - x = -6*o. Is o prime?
False
Let y be 2 - (-3 - (-8718)/(-3)). Suppose 0 = -10*n + 3559 + y. Is n prime?
True
Let c(h) = 544*h**2 + 17*h + 56. Is c(-5) prime?
False
Let o = 109274 + -53032. Suppose -11*r + 21341 = -o. Is r a prime number?
False
Let l = 58521 - 20104. Is l a composite number?
True
Let g be (-4)/10 + 2175/125. Suppose -g*d + 26*d = 8271. Is d a composite number?
False
Let h(x) = -58*x + 5. Let s(r) = -2*r + 43. Let d be s(20). Suppose -5*q + 71 = -4*v, v - q + 